What is -17 - ((-3 - -12) + (0 - 7) + 7)?
-26
What is the value of -83 + (2 + -4 - -1) - (-134 + 118 + 15)?
-83
What is the value of -7 + -28 + (174 + -30 - 17)?
92
Evaluate (-7 - (3 + 6 + -13 + 7)) + -19.
-29
Calculate -101 + 154 + 6 + -16.
43
What is the value of -19 + (-5 - (30 + -10)) - (2 + 0 + -4)?
-42
Evaluate 8 + ((-22 - -34) + 13 - -1).
34
Evaluate 4 + -9 + 7 + 4 - (481 + -488).
13
(-3 - 4) + 3 + -12 + 18 + -9
-7
Evaluate 28 - ((-87 - -44) + 95) - -161.
137
-1 - -74 - (2302 - 2262)
33
What is 25 + -5 + -1 + -5 + 9 + -10 + -12?
1
What is -54 + 43 + -30 + 6 + 0 + -3?
-38
Calculate 2 + -9 + 11 + -4 + (-2 - -8) + 25.
31
What is the value of -30 - ((-39 - -46) + -39)?
2
What is the value of (31 - 48 - 31) + 69?
21
What is 21 - (-6 + (9 - -3) + (-281 - -279))?
17
What is (23 + -4 + -42 - -8) + 0 + 14?
-1
12 - (-6 + (10 + -4 + -19 - -13))
18
4 - (-49 + 49 + 2)
2
What is 23 - (11 - -1 - (198 - 190) - (-3 + 15))?
31
What is the value of 16 + (13 - (44 - -6)) + -69?
-90
Evaluate -4 + 10 - 24 - (-207 + 234).
-45
-146 + 134 - (-8 + (-7 - -7) + -4)
0
What is the value of (-651 - -685) + (-2 - (3 + -3)) + -6?
26
What is -68 + 32 + 41 + -10 + -19?
-24
-35 + -54 + 5 + 56
-28
Calculate 14 - (1 - -8 - (17 - (-28 - -29))).
21
What is the value of 58 - ((-5 - -1) + (-15 - -15) + 13) - 0?
49
Evaluate 31 + 46 - (-90 + 29 + 28).
110
Calculate 1 + 15 + (-8 - 3) + 3.
8
What is -7 - (23 + -10 - 5)?
-15
What is the value of 2 - ((-3 - (5 - (-3 + 6)) - 0) + 52)?
-45
Calculate -10 - 1 - (-6 - (-35 - 2)).
-42
22 + 10 + (-12 - 62) + -19
-61
What is the value of (-20 - -1) + 19 + -53?
-53
Evaluate (98 - 176) + 35 + (1 - -25).
-17
What is 43 + (-57 - -23) + -43?
-34
What is 96 + 1 - -2 - (-5 + (-7 - -23))?
88
Evaluate -25 - ((2 - -6) + -381 + 344).
4
What is the value of -2 + 2 + -11 + 23 + 118 + -123 + 87?
94
Evaluate 0 + -64 + (-21 - (-57 - (-20 + -20))).
-68
Evaluate 49 + -3 + (-2 - -3) + (2 - 9).
40
-53 - ((-53 - -50) + (1 - -16) + (-3 - 1))
-63
What is -7 - ((11 - 1 - -3) + (2346 - 2333))?
-33
What is (-17 - (12 + -27)) + (2 - 29 - 5) - 0?
-34
What is -64 + (-71 - -123) + 0 + (-4 + -6 - 4)?
-26
What is the value of (15 - -6) + 15 - (-48 + 30)?
54
Evaluate 270 + (-1 - 194) + -9 + 1.
67
What is -7 + (2 + -2 - (14 + -13 - 3)) - -6?
1
What is -13 - 1 - (-23 + 25 + -33 + 10 + -6)?
13
(5 - -4) + 0 - (4 - (11 - (5 - 4)))
15
Calculate -22 + -56 + 26 + (-1 - -3) - (1 - 8).
-43
Evaluate 23 + 65 + -162 + 83.
9
139 + -16 - (-21 - -50) - 24
70
What is the value of -782 + 753 - (-5 - 18)?
-6
What is (-1823 - -1772) + (-4 - -103)?
48
What is the value of 9 + -25 - (-9 + -28 + 0)?
21
What is -51 + (-56 - -40) + -41 + 0 + -7?
-115
Calculate -41 + 12 - 12 - -20.
-21
-34 + 30 - (-20 - -1) - (-227 - -232) - 62
-52
Calculate 3 + (2 - (0 + -1 - (-129 - -125))).
2
1 - (6 + (-12 + 4 - -13))
-10
Calculate -42 - -70 - 43 - (-52 + -3).
40
What is 36 + -117 - (-3 + -18 + 15)?
-75
What is -30 + (-33 - -24) - 42 - 30?
-111
What is (-769 - -757) + 4 + -5 + -11?
-24
What is the value of (-6 - (26 + -50)) + -1?
17
Calculate -7 + (-84 + 16 - ((-2 - -2) + -9)).
-66
(-21 - -22 - -9 - (6 - 2)) + (-6 - -28)
28
What is the value of (11 - 10 - 7) + 13 + (10 - -3) + -5?
15
Evaluate -84 - (-16 - (-9 - -1 - (3 - 5))).
-74
What is the value of 10 + (5 + (-6 - -2) - (9 + -11 + -4))?
17
Evaluate 28 + -21 + -9 + 0 + 222 + -176.
44
What is the value of (11 - (-15 - -46)) + -1 - (48 - 36)?
-33
6 - (-1 - (-2 - 3)) - 7 - 3
-8
Evaluate (0 - 0) + -2 + 1 + -4 + 548 + -496.
47
What is the value of (595 - 41) + -634 - (15 + (1 - 2))?
-94
Calculate 12 + (-17 - (-14 + 5)) + -2 - (-16 - -38).
-20
7 + (2 - (27 + -11 - 12) - 7)
-2
Evaluate (54 - (-2 + (19 - -1 - 8))) + -12.
32
What is the value of (-53 - (71 - 30)) + (26 - 7)?
-75
Calculate -3 + -2 + 89 + -100 + 74.
58
3 + -12 - (706 + -702)
-13
-17 + (107 - (-27 - (-39 - 6)))
72
41 + (-29 - (-26 - -49))
-11
What is the value of 185 - 148 - (5 + 1) - (41 - 26)?
16
Calculate 196 + -182 + (0 + -11 - -50).
53
What is the value of -7 + 6 + 37 + -48 + 37?
25
Calculate (36 + -70 - -14) + 32.
12
-6 - -14 - (-1176 - -1192)
-8
Evaluate (22 - -1 - -3) + 4173 + -4221.
-22
What is (139 - 132) + -2 + 35?
40
126 + -150 + 43 - 124
-105
What is -61 + 2 - (-2824 - -2800)?
-35
What is 3 + (-12 - 3) + 24 + (7 - (15 + 58))?
-54
What is (-3 + 5 - (-1 - -8)) + -1 + -10?
-16
Evaluate (-50 - (41 - 151)) + -37.
23
80 - (234 - 117 - 57)
20
What is the value of 4 + (31 - (-21 + 18 + -11))?
49
60 + (58 - 0) - 54
64
What is the value of -1 + 27 - (1 - 18 - (-21 - 5)) - -5?
22
Calculate -58 + 1 - (-1 + 3) - (-27524 + 27538).
-73
What is the value of -53 + 45 - (-9 - 45)?
46
Evaluate -51 + (-6 - 36 - -131).
38
-18 + 39 + -25 + -6 + -58 - 18
-86
What is (-69 - 6) + -1048 + 978 - (-1 + -15)?
-129
Calculate -113 + 100 + -12 + 2 - -7.
-16
Calculate 0 - 53 - (-33 + 9 + 2 + 8).
-39
What is 14 - (-4 + 11 - 8 - (-93 + 2))?
-76
Calculate -66 - (1 - 0 - -9 - (-65 + (130 - 49))).
-60
What is the value of 81 + (73 - 10) + -183?
-39
Evaluate 7539 + -7387 + (-119 - 2).
31
What is -3 + (-16 + 11 - (1 - -2)) + -34 + 17?
-28
(79 - ((-6 - -31) + -18)) + -5 + 3
70
Calculate (7 - -3) + 15 + (10 - 8) + 1 + -7.
21
Evaluate 70 + -6 + -1454 + 1474.
84
What is -3 - (-1 - 41) - (42 - (-15 - -45))?
27
Calculate 99 + 203 + -199 + -2 + 2 + (-4 - -4).
103
Evaluate 62 - (8 - -1 - (-6 + (20 - 20) - -6)).
53
What is (0 - (-6 - (-7 + 3))) + -13 - -50?
39
Evaluate (-75 + 144 - 74) + 16.
11
Calculate ((6 - 12) + 13 - 12) + (15 - -60).
70
-31 - (-47 + 28 + 3) - (22 - 2)
-35
What is the value of 34 + -4 + -15 + 31 + 0?
46
Calculate 1 + -4 - (-2 + -8 + 5 + -12).
14
Evaluate (-11 - -1) + -254 + 274 - (74 - 1).
-63
Calculate 106 + -117 + -5 + 65 + 1.
50
-5 + (15 - (-16 - -41)) - -22
7
Calculate 2 - 51 - (2043 + -1945) - -5.
-142
What is -7 + (-13 + 1 - (-11 + 21)) + 11?
-18
What is 18 + 169 + -94 + -47?
46
Evaluate -8 + 2 + -5 + 8 - (8 + -6).
-5
What is the value of (30 - (40 + -20)) + (-35 + 35 - (52 - -1))?
-43
What is (1 - -89) + (13 - 58)?
45
14 + 5 + (-12 - ((1 - 16) + -8))
30
What is 53 + -83 + -3 - 16?
-49
What is 3 - -3 - (-64 + 64 + -21)?
27
What is 7 + (45 - (65 + -19)) + (0 - 0 - 18)?
-12
What is 23 + (-13 + 31 - (1 - -14 - -5))?
21
What is the value of (-4 - -5) + 13 + -4 + (-5 - -11)?
16
What is the value of 27 + 1 + (28 + 40 - 73)?
23
Calculate (6 - 5) + (4 - (0 - -2)) - (213 - 229).
19
What is 10 - -9 - (543 - 483)?
-41
Evaluate 49 - 69 - (-38 + 16 + 126).
-124
Evaluate 3 + 0 + -57 + 6 - (-72 + 35 + 30).
-41
661 + -614 - (-3 - (-15 - (-5 - -1)))
39
Evaluate -27 + -13 + (4 - (4 - (6 - 5))).
-39
Evaluate (-44 - (60 - 27)) + 87.
10
Calculate (-23 - -2) + 18 + -6 + -2 + 48.
37
What is the value of (160 - 188) + (62 - (-4 - -6))?
32
What is 26 - (16 + -4 + 45 + -34)?
3
Evaluate 14 + -44 + 23 - (-5 + -2 - 12).
12
What is (-155 - -152) + (0 - 47) - -12 - 15?
-53
Evaluate -1983 + 1992 + (-2 - (-2 + (-44 + 0 - 0))).
53
What is the value of 21 + -40 + 16 + 13 + (-51 - 8)?
-49
-14 + (-1 + 55 - (158 + -68 - 71))
21
Calculate -34 + 22 - (1 + -5 - (45 - (10 + -11))).
38
What is -1 + 25 + 40 + -48 + 0 + 9?
25
What is -78 + -106 + 22 + 115?
-47
32 + (-157 - -49) + 88
12
What is 2594 + -2556 + (0 - 69)?
-31
9 + (-7 - (5 + -15 + (23 - -4)))
-15
What is -5 + 9 - (-40 + 23) - (-7 - 1)?
29
(-41 - (-21 + -3) - -3 - -108) + -3
91
What is 301 + -266 + (-12 - -2) - 18?
7
45 - 57 - (-29 + (-18 - -18))
17
Evaluate -23 - ((4 - 30) + -122 - -22).
103
What is 250 + -226 - (-3 + 43)?
-16
Evaluate (276 - 286) + (0 - -2) + 38.
30
Evaluate 8 - (0 + -9 + (-399 - -427)).
-11
Calculate (-19 - -10) + (29 - -35).
55
What is the value of (-46 - (0 + 3) - 1) + (60 - (35 + 35))?
-60
What is the value of -12 - (6 + -17) - (-8 + -9 - -10 - 3)?
9
Evaluate -22 + -8 + 28 - (-39 + 28).
9
Evaluate -73 + 0 - (25 - 38) - (3 - 8 - -2).
-57
15 - 3 - (15 - (-19 - -15))
-7
-3 + -6 + -3 - (-1411 + 1372 + (0 - 1))
28
What is (18 - 13) + (-7 - -2 - 2) + 24?
22
32 + (7 + (-17 - -27) - 19)
30
What is -2 + 14 + (-3 + 0 - 10) + 5?
4
What is the value of 2 - 7 - ((11 - 1) + 306 + -352)?
31
What is the value of (352 - 361) + (1 + 3 - (-76 - -29))?
42
What is the value of 24 + 43 - (70 + -9 - 21)?
27
What is 0 - -10 - ((17 - 27) + (6 - 7))?
21
-11 - -1 - (-100 + 83) - (22 - (-8 + 17))
-